t(d) = -2*d**3 + 8*d**2 + 5. What is t(3)?
23
Let w(p) = p**2 - 30*p + 238. Determine w(14).
14
Let v(p) = p**3 + 18*p**2 + 49*p + 124. Determine v(-11).
432
Let n(o) = -321*o**3 + 2*o**2 - 7*o + 6. Give n(1).
-320
Let v(a) = -5*a - 498. Give v(-97).
-13
Let h(y) = -13*y**3 + 69*y**2 + 8*y - 52. Determine h(5).
88
Let d(s) = 169*s - 397. Give d(3).
110
Let m(a) = -18*a**2 + 262*a + 108. Determine m(15).
-12
Let j(k) = -k**2 - 5*k - 310. What is j(0)?
-310
Let q(v) = -v**2 - 548*v - 19350. Determine q(-38).
30
Let a(j) = -3*j**2 - 4*j + 40. Give a(-5).
-15
Let t(o) = o**3 + 18*o**2 - 44*o - 92. What is t(-20)?
-12
Let p(g) = g**3 - g**2 - 14*g - 23. Give p(5).
7
Let d(r) = 6*r**2 - 45*r + 17. Calculate d(11).
248
Let a(d) = 50*d - 1132. Calculate a(22).
-32
Let y(j) = -j**3 - 42*j**2 + 37*j - 231. Give y(-43).
27
Let s(j) = j**2 + 40*j + 158. Calculate s(-35).
-17
Let x(t) = t**3 - 33*t**2 + 69*t + 460. Give x(30).
-170
Let i(m) = m**3 - 26*m**2 + 21*m + 133. Calculate i(25).
33
Let r(l) = 11*l**2 - 74*l + 125. Give r(4).
5
Let v(h) = 5*h**2 + 42*h - 3. What is v(-9)?
24
Let o(n) = -243*n + 12642. Give o(52).
6
Let b(j) = 89*j**3 - 11*j**2 - 13*j - 3. Determine b(-1).
-90
Let u(z) = -2*z**3 - 25*z**2 + 36*z + 586. Calculate u(-12).
10
Let s(b) = -23*b**2 + 1036*b - 52. What is s(45)?
-7
Let s(q) = q**2 - 30*q + 300. Determine s(21).
111
Let w(i) = 28*i + 343. What is w(0)?
343
Let j(h) = -h**3 + 7*h**2 - 6*h - 24. Give j(5).
-4
Let o(d) = 9*d**3 - 3*d**2 - 2*d - 5. What is o(-3)?
-269
Let g(a) = -3*a**3 - 84*a**2 - 3*a - 91. What is g(-28)?
-7
Let k(b) = -2*b**2 - 756*b - 5230. What is k(-7)?
-36
Let s(n) = 4*n**2 + 98*n + 590. What is s(-11)?
-4
Let t(m) = 13*m**2 - 21*m + 15. Calculate t(1).
7
Let m(t) = -9*t**3 + 48*t**2 - 4*t. What is m(5)?
55
Let f(j) = 34*j**2 + 154*j + 153. What is f(-1)?
33
Let o(d) = d**3 - 7*d**2 - 14*d + 48. Calculate o(8).
0
Let x(h) = h + 36. Calculate x(-12).
24
Let o(f) = 38*f - 2461. Determine o(65).
9
Let a(z) = -11*z**2 - 360*z - 2463. Determine a(-23).
-2
Let a(q) = 2129*q + 6382. Give a(-3).
-5
Let p(h) = 352*h - 63. Give p(-3).
-1119
Let p(x) = x**3 - 63*x - 60. Calculate p(-9).
-222
Let n(k) = k**3 + 22*k**2 - 45*k - 422. Give n(-23).
84
Let z(f) = 4*f**3 - 6*f**2 - 28*f + 28. Give z(5).
238
Let n(v) = -2*v - 6. Calculate n(-6).
6
Let u(q) = 125*q - 843. What is u(9)?
282
Let c(m) = 6*m + 54. Determine c(-20).
-66
Let t(u) = -464*u - 3654. Determine t(-8).
58
Let v(h) = -h**3 + 17*h**2 - 3*h + 21. Give v(17).
-30
Let p(y) = -y**3 - 60*y**2 - 10*y - 661. What is p(-60)?
-61
Let j(s) = s**3 + 14*s**2 + 15*s + 37. Give j(-14).
-173
Let z(y) = 27*y**3 + 2*y**2 + 2*y - 5. Calculate z(1).
26
Let q(z) = -287*z + 280. Calculate q(1).
-7
Let k(d) = -8336*d + 75001. What is k(9)?
-23
Let u(g) = -7*g - 362. Calculate u(-50).
-12
Let v(d) = 8*d**2 + 193*d - 204. Give v(-27).
417
Let x(k) = -3*k**2 + 41*k - 357. Give x(14).
-371
Let q(c) = -c**2 + 15*c - 29. Calculate q(6).
25
Let i(n) = 2*n**3 + 3*n**2 + 6*n + 97. Give i(-4).
-7
Let y(r) = 29*r + 48. Determine y(0).
48
Let z(n) = 2*n**3 + 11*n**2 - 8*n + 16. Calculate z(-8).
-240
Let u(t) = -t**3 + 17*t**2 - 46. Determine u(17).
-46
Let n(r) = 170*r - 2546. Calculate n(15).
4
Let d(w) = 73*w + 1478. Give d(-30).
-712
Let d(b) = 1400*b - 1415. Determine d(1).
-15
Let q(j) = j**3 - 11*j**2 + 273*j - 3424. What is q(12)?
-4
Let h(s) = -s**3 - 20*s**2 - 72*s + 231. Calculate h(-9).
-12
Let t(o) = -o**3 - 20*o**2 - 20*o - 39. Determine t(-19).
-20
Let s(b) = b**2 + 38*b + 381. Determine s(-16).
29
Let p(o) = -3*o**3 + 63*o**2 + 27*o - 568. Determine p(21).
-1
Let f(q) = 11*q + 201. Give f(-17).
14
Let l(g) = -3*g**2 + g - 56. Calculate l(-7).
-210
Let a(s) = 4*s**3 + 504*s**2 - 4*s - 486. Calculate a(-126).
18
Let d(i) = 389*i + 389. Determine d(-1).
0
Let i(w) = -30*w**2 + 40*w - 39. Give i(1).
-29
Let n(j) = -j**3 - 20*j**2 - 55*j - 342. Determine n(-18).
0
Let o(x) = -2*x**2 + 1596*x - 21959. What is o(14)?
-7
Let a(y) = y**2 - 43*y + 158. What is a(12)?
-214
Let t(g) = -6*g**2 + 198*g - 557. Calculate t(30).
-17
Let m(k) = -k**3 - 101*k**2 + 93*k - 913. Give m(-102).
5
Let p(k) = 3*k**2 + 18*k + 15. What is p(-4)?
-9
Let o(g) = -g**2 - 15*g. Give o(-14).
14
Let p(u) = u**3 + 73*u**2 + 142*u + 7. What is p(-71)?
7
Let o(j) = j**3 - 14*j**2 - 33*j + 15. Calculate o(16).
-1
Let w(f) = -12*f - 257. Calculate w(-22).
7
Let q(n) = -n**2 - 741*n - 10149. What is q(-14)?
29
Let j(c) = -c**3 + 43*c**2 - 95*c + 378. Give j(41).
-155
Let k(n) = -1302*n - 2609. Calculate k(-2).
-5
Let x(h) = h**2 - 21*h + 60. Determine x(18).
6
Let i(q) = q**2 - 72*q + 1277. Calculate i(40).
-3
Let v(y) = -47*y - 216. Give v(-7).
113
Let y(m) = 128*m + 1066. What is y(-8)?
42
Let d(x) = -4099*x - 118875. Give d(-29).
-4
Let v(l) = 77*l - 294. What is v(0)?
-294
Let t(z) = 10*z**3 - 3*z - 3. Give t(2).
71
Let t(y) = 12*y**2 - 92*y + 57. Calculate t(6).
-63
Let k(i) = 10*i - 29. Give k(6).
31
Let r(z) = -19*z - 169. Calculate r(-4).
-93
Let k(u) = u**3 + 33*u**2 - 83*u - 453. Calculate k(-35).
2
Let r(d) = -113*d - 1235. What is r(-11)?
8
Let o(x) = 25*x**2 - 551*x + 23. What is o(22)?
1
Let r(x) = -26*x - 46. Calculate r(-7).
136
Let j(s) = -s**3 - 21*s**2 - 5*s + 321. Calculate j(-20).
21
Let u(y) = -89*y + 8618. What is u(97)?
-15
Let m(q) = -331*q - 3309. Calculate m(-10).
1
Let j(p) = -p**3 - 10*p**2 - 56*p - 438. Give j(-9).
-15
Let z(x) = 2*x**2 - 92*x + 1090. Calculate z(24).
34
Let q(r) = -6*r - 57. Determine q(-4).
-33
Let w(o) = 3*o**2 + 199*o + 1832. Give w(-11).
6
Let s(c) = -c**3 - 6*c**2 - 8*c + 53. Calculate s(-7).
158
Let w(a) = 1055*a - 11637. What is w(11)?
-32
Let l(b) = -97*b - 182. What is l(-2)?
12
Let x(n) = -271*n + 4100. Calculate x(15).
35
Let p(r) = -r**3 + 14*r**2 + 12*r + 313. Determine p(16).
-7
Let f(d) = 2*d**3 - 144*d**2 - 291*d - 251. What is f(74)?
119
Let n(l) = -l**3 + 72*l**2 + 5*l - 352. Determine n(72).
8
Let n(h) = -h**2 - 85*h - 1110. What is n(-16)?
-6
Let j(i) = -3*i**2 - 5*i + 1. Determine j(1).
-7
Let b(k) = 638*k - 3186. Calculate b(5).
4
Let b(r) = -r**3 + 31*r**2 - 29*r + 914. Determine b(31).
15
Let u(z) = -z**3 + 9*z**2 - 8*z + 67. Give u(7).
109
Let o(w) = 126*w - 249. Calculate o(2).
3
Let i(m) = -m**3 + 59*m**2 - 3*m + 98. Give i(59).
-79
Let k(m) = -6*m - 340. Determine k(-49).
-46
Let v(c) = -38*c - 242. Give v(-5).
-52
Let p(h) = -h**2 - 955*h + 18508. Give p(19).
2
Let r(k) = 7*k**2 + 6*k - 9. Give r(-9).
504
Let x(d) = d**3 - 7*d**2 - 78*d - 12. Determine x(-6).
-12
Let s(m) = 2*m**3 + 49*m**2 + 272*m - 16. Determine s(-16).
-16
Let k(x) = -96*x + 238. Calculate k(3).
-50
Let x(d) = d**2 - 30*d + 105. Give x(22).
-71
Let i(n) = -1542*n + 10799. Determine i(7).
5
Let c(o) = 162*o + 88. Calculate c(-2).
-236
Let r(n) = 5*n**2 - 188*n + 129. Give r(37).
18
Let a(k) = k**2 + 1253*k + 3755. Calculate a(-3).
5
Let y(j) = 48*j**2 + 1776*j + 64. Calculate y(-37).
64
Let s(p) = 30*p**2 - 9*p + 40. Calculate s(3).
283
Let r(a) = -4*a**2 - 2*a + 217. Determine r(0).
217
Let k(z) = -z**3 - 2*z**2 + 51*z + 165. What is k(-6)?
3
Let q(r) = 104*r - 3. What is q(0)?
-3
Let a(k) = -93*k**2 - 33*k + 93. Determine a(3).
-843
Let k(i) = -3*i**2 + 41*i - 127. Give k(8).
9
Let s(u) = -16*u**2 + 128*u + 12. Determine s(8).
12
Let x(z) = -212*z + 46. Determine x(0).
46
Let z(x) = 10*x**3 + 552*x**2 + 109*x - 73. Calculate z(-55).
-18
Let x(l) = l**2 - 16*l - 76. Give x(-4).
4
Let z(k) = -2*k**3 + 3*k**2 + 50*k + 35. Give z(-4).
11
Let d(h) = -3*h**3 - 2*h**2 - 15*h - 6. Determine d(-3).
102
Let n(q) = -q**2 - 24*q + 670. Calculate n(-40).
30
Let o(j) = -35*j**3 - 29*j**2 - 27*j + 1. What is o(-1)?
34
Let n(z) = -10*z + 184. Give n(19).
-6
Let w(t) = -329*t + 102. Give w(3).
-885
Let m(z) = z**2 - 49*z - 99. Calculate m(49).
-99
Let l(g) = -296*g + 2436. Determine l(10).
-524
Let w(b) = -b**3 - 11*b**2 - 31*b - 11. Determine w(-6).
-5
Let m(h) = -h**3 - 144*h**2 + 264*h - 4085. What is m(-146)?
3
Let p(q) = 3*q**2 - 78*q - 495. Determine p(-6).
81
Let w(a) = -a**3 + 4*a**2 - 99*a + 508. What is w(5)?
-12
Let b(s) = -s**2 - 118*s + 4097. Give b(28).
9
Let s(z) = -10*z**2 - 105*z - 106. Give s(-1).
-11
Let n(s) = 34*s**2 + s + 7. Calculate n(-1).
40
Let d(m) = 1